actor of 42472 and 48?
8
Calculate the greatest common factor of 1397544 and 18.
6
What is the greatest common divisor of 455 and 6685?
35
Calculate the greatest common factor of 28 and 108176.
4
What is the greatest common divisor of 48368 and 688?
16
What is the greatest common divisor of 4640 and 33205?
145
What is the highest common factor of 124640 and 81344?
1312
Calculate the highest common divisor of 417652 and 5404.
772
Calculate the highest common divisor of 5619966 and 242.
242
Calculate the greatest common divisor of 903 and 924.
21
What is the greatest common factor of 5256 and 25112?
584
Calculate the highest common factor of 129 and 795.
3
What is the highest common factor of 2730 and 2015?
65
Calculate the greatest common factor of 347 and 3867662.
347
What is the highest common factor of 9531 and 72?
9
Calculate the greatest common divisor of 279899 and 31.
31
What is the greatest common divisor of 21045 and 687165?
915
What is the highest common factor of 528 and 1056?
528
What is the greatest common factor of 913 and 143?
11
Calculate the highest common divisor of 420 and 565005.
105
Calculate the highest common divisor of 504 and 5838.
42
Calculate the greatest common factor of 5431416 and 228.
228
Calculate the highest common divisor of 494 and 169.
13
What is the greatest common divisor of 1507 and 22?
11
Calculate the greatest common divisor of 180 and 255705.
15
What is the greatest common factor of 60 and 5532?
12
Calculate the greatest common factor of 59375 and 18125.
625
What is the highest common factor of 154 and 5446?
14
What is the greatest common factor of 80 and 2277200?
80
Calculate the highest common divisor of 28036 and 1032.
172
Calculate the highest common factor of 784 and 9128.
56
Calculate the highest common divisor of 17370 and 12.
6
Calculate the highest common factor of 196 and 382207.
7
Calculate the greatest common divisor of 72433 and 1923.
641
What is the greatest common factor of 14742 and 143598?
546
What is the highest common factor of 733796 and 219?
73
Calculate the greatest common factor of 896 and 281680.
112
What is the highest common divisor of 69 and 3013?
23
Calculate the highest common factor of 1423470 and 115.
115
Calculate the greatest common divisor of 173102 and 205.
41
What is the greatest common factor of 56161 and 7?
7
What is the greatest common factor of 192 and 11028?
12
What is the highest common divisor of 20 and 6592?
4
Calculate the highest common divisor of 7655121 and 681.
681
Calculate the highest common divisor of 594089 and 67.
67
Calculate the highest common divisor of 1848 and 1491.
21
Calculate the highest common factor of 70080 and 210.
30
Calculate the greatest common divisor of 49 and 73220.
7
Calculate the highest common divisor of 2740920 and 16.
8
What is the highest common divisor of 168 and 531944?
56
Calculate the greatest common factor of 572 and 32.
4
Calculate the highest common factor of 232265 and 48719.
1133
Calculate the highest common divisor of 653564 and 1744.
436
What is the greatest common divisor of 777 and 23273?
37
Calculate the highest common factor of 2500373 and 557.
557
Calculate the greatest common divisor of 102 and 2258348.
34
What is the highest common factor of 28818 and 6696?
18
What is the highest common factor of 167510 and 70?
70
What is the highest common factor of 103850 and 10?
10
Calculate the highest common divisor of 222592 and 1184.
1184
Calculate the highest common factor of 2224 and 3152.
16
Calculate the greatest common divisor of 1569 and 576.
3
What is the highest common factor of 3589 and 30167?
97
What is the greatest common factor of 13 and 6232291?
13
What is the highest common factor of 803060 and 40?
20
Calculate the greatest common factor of 36 and 1832.
4
What is the highest common factor of 6560 and 540?
20
What is the highest common divisor of 45 and 1512795?
15
What is the greatest common factor of 2640 and 2190?
30
Calculate the highest common divisor of 1554 and 609.
21
What is the highest common factor of 114 and 246?
6
What is the highest common factor of 36125 and 11000?
125
Calculate the greatest common factor of 507662 and 3624.
302
What is the greatest common divisor of 37 and 29546905?
37
What is the highest common factor of 5029504 and 256?
128
Calculate the highest common divisor of 14499 and 37746.
81
Calculate the highest common divisor of 6160 and 2344.
8
Calculate the greatest common factor of 10345 and 19.
1
Calculate the greatest common divisor of 547424 and 272.
16
What is the highest common factor of 724 and 17195?
181
Calculate the highest common factor of 422832 and 65136.
1104
Calculate the highest common divisor of 3703 and 11431.
161
Calculate the highest common divisor of 14145 and 1.
1
Calculate the greatest common divisor of 300 and 243450.
150
What is the highest common divisor of 665535 and 1365?
195
Calculate the highest common factor of 1990 and 4465.
5
What is the greatest common divisor of 1043 and 25?
1
What is the greatest common factor of 392 and 205688?
56
Calculate the greatest common factor of 9805207 and 62.
31
What is the greatest common factor of 78703 and 633?
211
Calculate the greatest common factor of 102622 and 39.
13
Calculate the highest common divisor of 7308 and 38889.
261
What is the greatest common divisor of 648 and 1368?
72
What is the greatest common factor of 89053 and 86?
43
What is the highest common factor of 279106 and 34?
34
Calculate the greatest common divisor of 15093 and 22113.
351
What is the greatest common factor of 144430 and 260?
130
Calculate the greatest common factor of 22458 and 228.
114
Calculate the highest common factor of 110 and 7146755.
55
Calculate the highest common divisor of 7191 and 2091.
51
Calculate the greatest common factor of 318318 and 273.
273
Calculate the greatest common factor of 80523 and 828.
207
Calculate the greatest common factor of 52909 and 17861.
337
What is the greatest common divisor of 189 and 2241?
27
Calculate the highest common divisor of 75080 and 2.
2
Calculate the greatest common divisor of 40 and 26552.
8
What is the highest common factor of 968790 and 270?
30
Calculate the greatest common divisor of 86475 and 61109.
1153
What is the greatest common divisor of 80 and 565320?
40
What is the highest common factor of 363 and 1320?
33
What is the highest common factor of 99 and 60867?
9
Calculate the greatest common factor of 18 and 24183.
9
Calculate the highest common factor of 10480 and 16.
16
What is the highest common divisor of 411394 and 58?
58
What is the highest common divisor of 995 and 5615780?
995
What is the highest common factor of 4 and 329432?
4
Calculate the greatest common factor of 278 and 90211.
139
Calculate the highest common factor of 308825 and 10175.
275
What is the greatest common factor of 51104 and 160?
32
What is the highest common divisor of 329301 and 126?
63
Calculate the highest common divisor of 7461 and 144.
9
Calculate the greatest common factor of 29160 and 200.
40
Calculate the greatest common divisor of 830283 and 309.
309
What is the greatest common divisor of 671770 and 2170?
310
What is the highest common divisor of 5 and 2116105?
5
What is the highest common factor of 1937 and 78?
13
What is the highest common divisor of 36618 and 27?
3
What is the greatest common factor of 560620 and 60?
20
What is the highest common divisor of 1014 and 12506?
338
Calculate the greatest common factor of 165 and 5984.
11
Calculate the greatest common divisor of 31964 and 4148.
244
Calculate the highest common divisor of 15 and 396.
3
What is the greatest common factor of 66 and 1320286?
22
What is the highest common factor of 248 and 4384?
8
Calculate the highest common factor of 1382 and 198317.
691
What is the greatest common factor of 2566 and 42?
2
Calculate the greatest common factor of 117081 and 18.
9
Calculate the greatest common divisor of 39 and 14043.
3
Calculate the greatest common divisor of 96030 and 594.
198
Calculate the greatest common factor of 171 and 16131.
57
What is the greatest common divisor of 1440894 and 52?
26
Calculate the highest common divisor of 1786 and 2914.
94
What is the highest common divisor of 14800 and 1920?
80
What is the hig